e the highest common divisor of 7 and l.
7
Let q be (-2 - -5) + 0 + 0. Suppose -12 = -q*m - m. What is the greatest common factor of 6 and m?
3
Let m(l) = -l**3 - 3*l**2 - 4*l - 3. Let g be m(-3). What is the highest common factor of 63 and g?
9
Let f(x) = -x + 15. Let r be (-28)/8*4 - 1. Let g be f(r). Calculate the highest common factor of g and 15.
15
Let b be (0 - 10)*(-2)/4. Suppose -2 = 2*f, -5*f - 48 = b*i + 132. Let t = -17 - i. What is the highest common factor of 45 and t?
9
Let j be 2/7 + (-264)/(-56). Let i be (-28)/(((-20)/16)/j). Let z be (-12)/(1/((-8)/6)). What is the highest common factor of z and i?
16
Suppose -2*j - 160 = -4*q + 3*q, 3*q = 3*j + 492. What is the greatest common divisor of 24 and q?
24
Let y be ((-8)/10)/(2/(-105)). Let s be 1860/y - (-4)/(-14). What is the highest common divisor of s and 22?
22
Let y(u) = -2*u + 15. Let i be y(7). What is the highest common factor of 2 and i?
1
Suppose 2*w - 2 = -0. Let t be w*-4*-3 - 2. What is the greatest common factor of t and 2?
2
Let n(y) = y**2 + 4*y + 3. Let b be n(-3). Let a(k) = k + 280. Let t be a(b). Suppose -2*l + t = 3*l. Calculate the greatest common factor of 14 and l.
14
Let f(n) = n**3 - 5*n**2 + 6*n - 2. Let z be f(4). Let k be (3/4)/((-3)/(-48)). What is the highest common factor of z and k?
6
Suppose 0 = -g + 4*z + 18, -z + 6 = 5*g - 0. Let w = g - -4. Let k(t) = t + 7. Let o be k(-4). Calculate the highest common factor of w and o.
3
Let f(s) be the first derivative of 2*s**3/3 + 3*s**2/2 - 3*s - 2. Let v be f(3). Calculate the highest common factor of 6 and v.
6
Let q(f) = -f**3 - 9*f**2 - 5*f - 21. Let s be q(-9). Calculate the highest common factor of s and 24.
24
Suppose 25 = 3*o + v, 4*o - 4*v = 30 + 14. Let x be 0/(3*6/9). Suppose -5*t + 8 + 127 = x. Calculate the greatest common factor of o and t.
9
Let j be (-2)/(14/12 - 1). Let h = -1 - j. Calculate the greatest common divisor of 55 and h.
11
Let b be (-3)/(-1 + 0 + 0). Suppose -2*u = -0*u - 4*o - 84, 15 = -b*o. Suppose y - 142 = -u. Calculate the greatest common divisor of y and 10.
10
Suppose -b - 30 = -45. Calculate the greatest common divisor of b and 15.
15
Suppose -2*m + 24 = -4*h, -4*m + 5*m + h - 9 = 0. What is the highest common divisor of 5 and m?
5
Suppose -3*m + 5*s - 23 - 4 = 0, m - 11 = -5*s. Let y = -7 - m. Let o be (y/(-4))/((-4)/(-96)). Calculate the highest common factor of 27 and o.
9
Let j be ((-110)/15)/(2/(-3)). Let l = j - -8. Suppose 8*g = -k + 3*g + 158, -4*k = 2*g - 542. What is the greatest common divisor of k and l?
19
Suppose -7*t + 0*t + 119 = 0. Calculate the greatest common divisor of t and 85.
17
Let r(d) = 21*d**3 + d**2 - 2*d + 1. Let p be r(1). Calculate the highest common factor of p and 147.
21
Let a(c) = 90*c**2 - 2*c - 2. Let z be a(-1). What is the highest common factor of 18 and z?
18
Let r = 7 - 4. Let b = 6 - r. What is the greatest common divisor of b and 24?
3
Let f(g) = 3*g**2 - 2*g - 1. Let u be f(-2). Suppose -u = -w + 4*h, -h = -4*w + 26 + 34. Suppose -172 + 37 = -l. Calculate the highest common factor of l and w.
15
Let z be 1/2*(1 - -51). Calculate the greatest common divisor of 39 and z.
13
Let a = -17 - -20. Calculate the highest common factor of 9 and a.
3
Let y = 45 + 11. Calculate the greatest common factor of y and 7.
7
Let g(b) = b**2 + 7*b + 16. Let h be g(-7). What is the greatest common divisor of 16 and h?
16
Let f = -109 + 166. Let z = 53 + f. Suppose -5*c + 37 + 13 = 0. Calculate the highest common factor of z and c.
10
Let u = -10 + 13. Let r be 31/11 - (-2)/11. Let t(l) = 4*l**2 - 3*l. Let j be t(r). Calculate the highest common factor of j and u.
3
Let g = -76 + 107. What is the highest common factor of g and 31?
31
Let g(r) = -61*r - 5. Let p be g(-5). Suppose -3*n - p = -8*n. What is the greatest common factor of n and 12?
12
Let v(n) = 3*n**3 - 12*n**2 + 5*n - 5. Let f be v(4). Calculate the highest common factor of 15 and f.
15
Let q(x) = -x**2 + 3*x - 1. Let g be q(2). Let p(d) = 3*d - 1. Let v be p(g). Suppose 0 = -2*t - v*t + 80. Calculate the highest common divisor of 5 and t.
5
Let h(r) = r**2 - r. Let a be h(2). Calculate the greatest common factor of a and 22.
2
Suppose -4*h - 2*m + 26 = 0, 4*m + 11 = 2*h - 17. Let s(y) = y**2 - 9*y - 2. Let j be s(10). Calculate the greatest common factor of j and h.
8
Let c(f) = 3 + f**3 + 5 + 0*f**3 - 11*f**2 - 5 + 10*f. Let s be c(10). What is the greatest common divisor of 12 and s?
3
Suppose 5*u - 115 = 70. Suppose -4*z + 18 = 3*f, 4*f - 2*z = -3*z + u. Let g be -4*(-2)/(8/f). Calculate the highest common divisor of 30 and g.
10
Let x be (-963)/(-24) - 2/16. What is the greatest common divisor of x and 100?
20
Suppose -2*i + w = -0*i - 9, 3*i - 3*w = 21. Let d = 2 - -6. What is the highest common divisor of i and d?
2
Suppose -9 = -2*i + 3*l + 8, -5*i + 26 = -2*l. Calculate the highest common divisor of 28 and i.
4
Let v be ((-23)/4)/(4/16). Let i = 49 + v. Let d = 38 + i. Calculate the greatest common divisor of 8 and d.
8
Suppose 0 = 26*j - 28*j + 24. What is the highest common factor of 132 and j?
12
Let d(f) = 23*f - 4. Let c be d(4). Let n(v) = 9*v**2 - 1. Let s be (-3)/(-5) - 2/(-5). Let x be n(s). What is the greatest common divisor of x and c?
8
Let n be (-6)/(-24) - (-15)/4. Suppose -6 = -2*o + 2. What is the greatest common divisor of o and n?
4
Let u(d) = 24*d**2 + 3*d - 2. Let l be u(1). What is the greatest common factor of 125 and l?
25
Suppose -3*r - 5 = 1, 2*i + r = -10. Let t be (44/i)/(1*-1). Calculate the highest common factor of 11 and t.
11
Suppose d + 0 = 5, 50 = 4*v + 2*d. Let y be -1 + 1 + (-4 - -3). Let t(m) = -15*m. Let i be t(y). What is the highest common factor of i and v?
5
Suppose 3*w - 69 = 5*z, -5*w + 2*z + 88 = -8. Let c = w - 13. What is the greatest common divisor of c and 2?
1
Suppose -9*h + 40 = -5*h. Suppose l + c - 5 = -2*c, -3 = -2*l + c. What is the highest common divisor of h and l?
2
Suppose -l + 72 = -5*l. Let k be 3968/36 - (-4)/l. What is the greatest common factor of 10 and k?
10
Suppose -2*k + 21 = -33. Calculate the highest common divisor of k and 108.
27
Suppose -3*s + 9 = -0. Suppose -5*i = -3*b - 22, 16 = 2*b - b + s*i. Calculate the greatest common factor of 8 and b.
1
Let r be ((-50)/6)/(7/(-84)). Calculate the highest common factor of r and 40.
20
Let g(q) = -5*q - 1. Let o(j) = -3*j - 1. Let s = 6 - 4. Let y be o(s). Let w be g(y). Calculate the highest common factor of 51 and w.
17
Suppose g + 0*g + 5 = -u, 4*u - g = 5. Let y be 3 - (u - (1 - 2)). Let t be 0/2 + (y - -4). Calculate the highest common factor of t and 3.
3
Let z = 467 + -275. Calculate the greatest common factor of z and 24.
24
Let n = 16 - 10. Let z be 4/20 - (-238)/10. What is the greatest common factor of z and n?
6
Let q = -12 + 18. What is the greatest common divisor of 4 and q?
2
Let h = 36 + -29. What is the greatest common factor of 35 and h?
7
Let b be (-2)/(-3)*3 + 4. Let p(s) = 6*s**2 - 8*s + 8. Let n be p(b). Calculate the greatest common factor of n and 16.
16
Suppose -159 = -2*a - y, 5*y + 0*y = 15. Suppose 0 = -3*j + a - 12. What is the greatest common factor of j and 2?
2
Let d = 4 - 35. Let y = -18 - d. Let k = -46 - -85. What is the greatest common divisor of y and k?
13
Let u(j) = j + 2. Let o be u(-2). Suppose 0 = -5*l + 4*s + 288, 0 = 5*l + s - o*s - 278. Calculate the greatest common factor of l and 7.
7
Let a be -3 + 5 + -3 + 25. Let c = a + -57. Let n be (c/(-6))/((-2)/(-48)). Calculate the greatest common factor of n and 12.
12
Suppose -4*d + 90 = d. Calculate the highest common factor of 18 and d.
18
Let z(w) = -w**3 + 8. Let q be z(0). Let x(d) = -d**3 + 8*d**2 + d + 6. Let i be x(q). Calculate the greatest common factor of i and 28.
14
Suppose i + 18 + 35 = 4*f, -f - 144 = 4*i. Let q = 1 - i. What is the highest common divisor of q and 19?
19
Let i(n) = 2*n**3 + 30*n**2 - 3*n - 9. Let d be i(-15). Calculate the highest common divisor of d and 36.
36
Suppose -4*l = -6*l + 8. Let d be -3 + l - (-3 + 1). Let f = 8 - d. What is the highest common factor of 10 and f?
5
Suppose 4*m = 6*m - 2. Let u be (45/6)/(m/14). Calculate the highest common divisor of 15 and u.
15
Let c be (4 + -1)*23/3. What is the greatest common factor of 